Let g(b) = -b**2 - b + 1. Suppose 3*n - 12 = -4*p + p, -3*p + 2*n + 17 = 0. Let f(s) = p*g(s) + y(s). Give f(r).
3
Suppose 6 = -2*c - 3*c + 2*a, 5*a = c + 15. Suppose c = -3*y + 2*w + 3, -6*y - 3*w = -y - 24. Let u(x) = -2*x + 4 - 3 - y*x. What is u(-1)?
6
Let l(t) be the third derivative of -t**4/24 - 2*t**3 + 4*t**2. Let a be l(-14). Let d(i) = 1 - a*i**3 + 4*i**3 - 3*i**3 - 2*i + 3*i**2. Give d(2).
1
Let h(a) be the second derivative of -a**5/20 - a**4/3 - 7*a**3/6 - 2*a**2 - 79*a. Determine h(-4).
24
Let c(t) = -14*t**2 - 1397 + 9*t + 1398 + 13*t**2. Suppose -3*h - 18 = -2*a - h, 0 = 3*a - 5*h - 29. Give c(a).
9
Let t(h) = -7*h - 9. Let b(g) = 16*g + 19. Let f(v) = -2*b(v) - 5*t(v). Give f(5).
22
Let p(z) = 3*z**2 - 3*z. Suppose -2*h + 2*w = -2, -11*h - 5*w = -7*h - 22. What is p(h)?
18
Suppose 2*i - 16 = -2*g, -8*i = -4*i - 12. Suppose 14*f = 15*f - 3. Let h(x) = 10*x - 4 + 132*x**3 - 133*x**f + 4*x**2 - 4*x. Calculate h(g).
1
Suppose 6*w + 57 - 51 = 0. Let z(l) = 8*l - 3. Let t(m) = -33*m + 13. Let d = 7 - 16. Let f(v) = d*z(v) - 2*t(v). Give f(w).
7
Let p(o) be the first derivative of -3*o**2 + 1/4*o**4 - 4*o - 5 - 5/3*o**3. Give p(6).
-4
Let f(u) = 31*u - 22*u - 1 - 19*u - u**2. Determine f(-11).
-12
Let h(y) = 4*y. Let v be h(2). Let d(p) = -p**3 + 9*p**2 - 7*p - 3. What is d(v)?
5
Suppose 2*j = 11*j + 72. Let r(f) = -5*f**3 - 20*f**2 - 29*f - 9. Let o(k) = -2*k**3 - 7*k**2 - 10*k - 3. Let h(v) = j*o(v) + 3*r(v). Calculate h(6).
27
Suppose -12*l + 3*l = 540. Let b = 65 + l. Let m(g) = g + g - 4 - 2. What is m(b)?
4
Let n(k) be the third derivative of k**6/120 + k**5/60 - k**3/3 - 245*k**2. Determine n(-2).
-6
Let c = 23 - 18. Let a(b) = 5*b - b**3 + 0*b**3 - 15*b**2 + c + 20*b**2. Determine a(6).
-1
Suppose 2*s - 5*c = -8, 6*s - 2*c = 5*s - 4. Let h(a) = 2*a**2 + 5*a - 3. What is h(s)?
9
Let h(g) = -g - 7. Let y(f) = -f - 4. Let o(a) = h(a) - 6*y(a). Determine o(-4).
-3
Let j(g) be the first derivative of -g**5/60 + 13*g**4/24 - 7*g**3/6 - 16*g**2 + 2. Let z(a) be the second derivative of j(a). Determine z(12).
5
Let l(v) = v**3 - 4*v**2 - 6*v - 6. Let i(r) = r**2 - 17*r - 13. Let t be i(18). Suppose -2*y = -2*p - 2, -5*p + 35 = -2*y + t*y. What is l(y)?
-11
Let r(i) be the first derivative of i**3 - 12*i**2 + 5*i - 64. What is r(8)?
5
Let o(i) = -i**2. Let m(h) = -h**3 + h**2 - h. Let s(x) = -5*x**3 + 13*x**2 - 10*x. Let n(a) = 6*m(a) - s(a). Let w(f) = -n(f) + 2*o(f). Determine w(-6).
-12
Let r(g) = g**3 - 2*g**2 - 5*g - 3. Suppose 0 = 16*h + 104 - 168. Determine r(h).
9
Suppose 2*f - 1 = 5. Suppose 17 = 3*z - 2*v, v + 13 = 2*z + f. Let a(c) = -c**3 - c**2 - c**2 + 6*c**2. Give a(z).
9
Suppose n - 5 + 10 = 0. Let l(v) = -19 + 18 - 4*v - 2*v**2 - v**3 - 4*v**2. What is l(n)?
-6
Let l(u) = -5*u**3 - u**2 - 8*u + 2. Let a(i) be the third derivative of i**6/120 - i**5/60 + i**4/24 - 12*i**2. Let m(j) = 4*a(j) + l(j). Calculate m(-5).
22
Let t(u) be the third derivative of 32*u**2 + 0*u + 1/4*u**4 + 1/6*u**3 + 0. Determine t(-1).
-5
Let c(r) = r - 11. Let i = 230 + -237. Give c(i).
-18
Suppose -188 = -9*m + 37. Let r(a) = -2 + 5*a**2 - a**3 - m*a + a**2 - 3*a**2 + 24*a. Calculate r(2).
0
Let v(w) be the third derivative of -w**6/120 + w**5/15 + 7*w**4/24 - 7*w**3/6 + 114*w**2. Let i = 2 - -3. Determine v(i).
3
Let h(f) = 3 - f**3 + 0*f**3 + f + f. Let y = 308 + -310. Calculate h(y).
7
Suppose z = 4*z, -2*b + z = 4. Let u(s) = -7*s + 2. What is u(b)?
16
Let h(z) be the third derivative of -z**7/840 - z**6/90 + z**5/15 + 7*z**4/24 - 5*z**3/6 - 6*z**2. Let k(o) be the first derivative of h(o). Determine k(-5).
-8
Let b(t) = -t**3 + 4*t + 3. Suppose 5*n + 38 = 28. Calculate b(n).
3
Let g(c) be the first derivative of c**3/3 - 2*c**2 + 5*c + 2. Let n = -37 + 33. Let b be 0/(-16) - (n + 0). Calculate g(b).
5
Let u(p) = p**2 + 7*p + 15. Let z(v) = 2*v**2 + 7*v + 18. Let f(k) = 3*u(k) - 2*z(k). What is f(10)?
-21
Let m(b) = -6*b**3 + 2*b**2 - 1. Let n = 160 - 82. Let r be (-13)/n*(0 + -6). Calculate m(r).
-5
Let m(f) = -2*f**2 - 2*f + 2. Let q(d) = -7*d**3 - 2*d**2 + 1. Let l be q(-1). Suppose -2*z = -3*u - 8, 3*u + 5 = -3*z - 28. Let w be (2/u)/(1/l). What is m(w)?
-2
Let y(r) = -r**2 + 12*r - 1. Suppose 101 = 3*l + 86. Give y(l).
34
Let l(m) = 20*m**3 - 2*m - 1. Suppose -138*q = -140*q - 2. Give l(q).
-19
Let p(d) = d**3 + 2*d**2 - d - 1. Let f be p(-2). Let q(w) = 27*w + 3. Let n(m) = -14*m - 2. Let y(x) = -5*n(x) - 3*q(x). Determine y(f).
-10
Let m(q) be the third derivative of -q**6/120 + 7*q**5/60 - 5*q**4/24 + 4*q**3/3 - 41*q**2. Give m(6).
14
Let l(u) be the third derivative of u**4/24 + u**3/6 - 214*u**2. Calculate l(1).
2
Let i(p) = 4*p - 36 - 3 - 6. Let c be i(11). Let k(r) = -11*r**2 + r + 1. What is k(c)?
-11
Let t(w) = -w + 5. Suppose 10 = -s + 3*b, 2*s - 2*b = -b - 20. Let m be 4/s + 107/5. Let r be 6/m + (-33)/(-7). Calculate t(r).
0
Let h(p) = p**2 + 13*p + 20. Suppose 5*t = 45*m - 41*m - 62, -2*t - 17 = m. Calculate h(t).
-10
Let b be -1*-1*(-2)/(-1). Let z be (-2 - -2)*(-17)/(-51). Suppose -4*u - b*a + 20 = 0, -3*a - 30 = -4*u - z*u. Let v(h) = h**3 - 5*h**2 - 4*h - 2. Give v(u).
10
Suppose -5*y + 140 = 40. Let c(b) = -b**3 + 7*b**2 + 6*b - 9. Let x be c(8). Let h = x + y. Let o(f) = -f**2 - 5*f - 4. Give o(h).
-4
Let f(r) be the third derivative of 13*r**5/60 + r**4/24 + r**3/6 + r**2 + 97. Determine f(-1).
13
Suppose 3*g + g = 128. Suppose -4*o + o + 103 = -4*q, -q + 2*o - g = 0. Let x = q + 26. Let f(k) = k**3 - 5*k**2 + 4*k + 4. Calculate f(x).
4
Let i(x) = x**3 - 3*x**2 + 3*x - 4. Suppose -6 = -13*b + 11*b. Determine i(b).
5
Let r(b) be the first derivative of 0*b + 2 + 3*b**3 + 0*b**2 + 1/72*b**6 + 1/60*b**5 - 1/12*b**4. Let x(y) be the third derivative of r(y). Give x(-2).
14
Let m = 2 - 0. Let a(g) = g**3 + m*g - 3*g**2 - g - 3 + 4. What is a(3)?
4
Let n(w) = -7*w + 10*w - 9 - 2*w. Suppose 3*b - 12 = 9. What is n(b)?
-2
Let g(a) be the first derivative of 3*a**2 - a + 59. Determine g(-1).
-7
Suppose -5*n = -3*l + 2, 2*n - l - 20 = -5*l. Let p = n - -3. Let t(a) be the first derivative of -a**4/4 + 4*a**3/3 + 5*a**2/2 - 5*a + 74. What is t(p)?
-5
Suppose 0 = 2*a + 3*v - 0 - 3, 0 = 3*a - 3*v + 18. Let y(u) = -u**3 - 4*u**2 - 2*u - 1. What is y(a)?
-4
Let u(v) = -4*v - 4. Let p(z) = -z + 2. Let b be p(-1). Suppose m - 2*k - 4 + 0 = 0, m - k = b. Suppose 0 = 5*x - m + 17. Calculate u(x).
8
Let n(b) = -b**2 + 9. Suppose -25 = -55*h + 60*h. Determine n(h).
-16
Let s(n) = -n**2 + 12*n - 3. Let c be s(5). Suppose 5*k = -3*k + c. Let i(q) = -q**2 + 5*q - 1. Give i(k).
3
Let p = 7 - 1. Let a be 14/p - (-1)/(-3). Let f(r) be the second derivative of r**3/2 + r**2 + 70*r. Determine f(a).
8
Let r(d) be the first derivative of d**2/2 - 11. Suppose 0 = -3*h + 4*t + 16, 2 - 8 = -h + 2*t. Suppose -h = 3*m - 2*m. Calculate r(m).
-4
Suppose -i = 3 - 6. Let x(m) = -m + 1. Calculate x(i).
-2
Let z(b) be the third derivative of -b**6/240 - b**5/24 + b**4/8 + 11*b**2. Let v(w) be the second derivative of z(w). Determine v(-4).
7
Let x(u) = -u**2 + 8*u - 3. Suppose 4*a - 8 = 16. Let n(y) = y. Let g be n(a). What is x(g)?
9
Let u(t) = -2*t**3 + 2*t**2 + t. Let c(s) = -s**3 + 19*s**2 - 17*s - 19. Let x be c(18). Let w(k) = -k - 3*k**2 + 0*k + k**2. Let g be w(x). What is u(g)?
3
Let s(c) = -c**2 - 7*c - 3. Let v be (5/(-3))/(20/120) - -5. What is s(v)?
7
Suppose 3*w - 13 = -4*d, -2*d - 43 = -3*w - 0*d. Let i(v) = v**2 - 9*v - 14. Calculate i(w).
8
Let p(o) = -17*o - 4*o + 17*o. Calculate p(4).
-16
Let p = 17 - 24. Let y(n) = -n. Let b(x) = -x**2 - 12*x + 3. Suppose -z + 25 = 19. Let t(w) = z*y(w) - b(w). Determine t(p).
4
Let p(g) = -g - 5. Let h be p(-11). Let j = 16 - h. Let x(k) = -13 + 2 + j*k**2 + 2*k + 10. Determine x(1).
11
Let d = 10 + 7. Suppose -2*j - d = -1. Let u(n) be the second derivative of -n**3/6 - 11*n**2/2 + 2*n. Determine u(j).
-3
Suppose -4*w + 5*u = -18 - 31, -32 = -3*w - u. Let z(i) = i**3 - 12*i**2 + 12*i + 4. Determine z(w).
15
Let k(o) = 2*o**2 + 12*o + 15. Let f be k(-5). Let b(h) = -h - 2. Calculate b(f).
-7
Let n be (-3 - 208/(-2)) + -2. Suppose -17*l + n = -6*l. Let c(m) = -m**2 + 7*m + 8. What is c(l)?
-10
Let d = -28 - -30. Let l(s) = -2*s**2 + s**3 - 4 + 2*s - 4 - 2*s**d + 3. Determine l(4).
3
Let h(r) = r*